{"version":"1.0","type":"rich","width":"560px","height":"140px","title":"Magda i Falko - \"Grenzler\" na pograniczu - Stettinum, europejski podcast tym razem nie ze Szczecina, ale z Pasewalku, gdzie w letniej atmosferze rozmawiali\u015bmy z Magd\u0105 i Falko Reichardt & dwuj\u0119zycznym kocurem Fritzem o kulturze, marzeniach i miejscach spotka\u0144 na polsko-niemieckim pograniczu. Wir laden ein! Zapraszamy!","url":"https:\/\/stettinum.eu\/magda-i-falko-grenzler-na-pograniczu\/","author_name":"Stettinum - Der europ\u00e4ische Podcast aus Szczecin","author_url":"https:\/\/stettinum.eu","thumbnail_url":"https:\/\/stettinum.eu\/wp-content\/uploads\/2022\/05\/kocur-fritz-pasewalk.jpg","html":"<iframe width=\"560px\" height=\"140px\" src=\"https:\/\/stettinum.eu\/magda-i-falko-grenzler-na-pograniczu\/?standalonePlayer\"><\/iframe>"}

Magda i Falko - "Grenzler" na pograniczu - Stettinum, europejski podcast tym razem nie ze Szczecina, ale z Pasewalku, gdzie w letniej atmosferze rozmawialiśmy z Magdą i Falko Reichardt & dwujęzycznym kocurem Fritzem o kulturze, marzeniach i miejscach spotkań na polsko-niemieckim pograniczu. Wir laden ein! Zapraszamy!

Stettinum - Der europäische Podcast aus Szczecin
